{"id":186,"date":"2021-02-24T22:07:02","date_gmt":"2021-02-24T21:07:02","guid":{"rendered":"http:\/\/mairiejussychampagne.fr\/?page_id=186"},"modified":"2021-05-10T15:27:10","modified_gmt":"2021-05-10T13:27:10","slug":"mentions-legales","status":"publish","type":"page","link":"https:\/\/mairiejussychampagne.fr\/?page_id=186","title":{"rendered":"Mentions l\u00e9gales"},"content":{"rendered":"\n\n[et_pb_section fb_built=\u00a0\u00bb1&Prime; fullwidth=\u00a0\u00bbon\u00a0\u00bb _builder_version=\u00a0\u00bb3.22&Prime; background_color=\u00a0\u00bb#2ea3f2&Prime; use_background_color_gradient=\u00a0\u00bbon\u00a0\u00bb background_color_gradient_start=\u00a0\u00bb#2ea3f2&Prime; background_color_gradient_end=\u00a0\u00bb#2e6df4&Prime; background_color_gradient_direction=\u00a0\u00bb330deg\u00a0\u00bb][et_pb_fullwidth_header title=\u00a0\u00bbMentions l\u00e9gales\u00a0\u00bb _builder_version=\u00a0\u00bb3.16&Prime; title_font=\u00a0\u00bb||||||||\u00a0\u00bb background_color=\u00a0\u00bbrgba(255, 255, 255, 0)\u00a0\u00bb hover_enabled=\u00a0\u00bb0&Prime; button_one_text_size__hover_enabled=\u00a0\u00bboff\u00a0\u00bb button_two_text_size__hover_enabled=\u00a0\u00bboff\u00a0\u00bb button_one_text_color__hover_enabled=\u00a0\u00bboff\u00a0\u00bb button_two_text_color__hover_enabled=\u00a0\u00bboff\u00a0\u00bb button_one_border_width__hover_enabled=\u00a0\u00bboff\u00a0\u00bb button_two_border_width__hover_enabled=\u00a0\u00bboff\u00a0\u00bb button_one_border_color__hover_enabled=\u00a0\u00bboff\u00a0\u00bb button_two_border_color__hover_enabled=\u00a0\u00bboff\u00a0\u00bb button_one_border_radius__hover_enabled=\u00a0\u00bboff\u00a0\u00bb button_two_border_radius__hover_enabled=\u00a0\u00bboff\u00a0\u00bb button_one_letter_spacing__hover_enabled=\u00a0\u00bboff\u00a0\u00bb button_two_letter_spacing__hover_enabled=\u00a0\u00bboff\u00a0\u00bb button_one_bg_color__hover_enabled=\u00a0\u00bboff\u00a0\u00bb button_two_bg_color__hover_enabled=\u00a0\u00bboff\u00a0\u00bb sticky_enabled=\u00a0\u00bb0&Prime;][\/et_pb_fullwidth_header][\/et_pb_section][et_pb_section fb_built=\u00a0\u00bb1&Prime; _builder_version=\u00a0\u00bb3.22&Prime;][et_pb_row _builder_version=\u00a0\u00bb3.25&Prime; background_size=\u00a0\u00bbinitial\u00a0\u00bb background_position=\u00a0\u00bbtop_left\u00a0\u00bb background_repeat=\u00a0\u00bbrepeat\u00a0\u00bb][et_pb_column type=\u00a0\u00bb4_4&Prime; _builder_version=\u00a0\u00bb3.25&Prime; custom_padding=\u00a0\u00bb|||\u00a0\u00bb custom_padding__hover=\u00a0\u00bb|||\u00a0\u00bb][et_pb_text _builder_version=\u00a0\u00bb4.9.0&Prime; background_size=\u00a0\u00bbinitial\u00a0\u00bb background_position=\u00a0\u00bbtop_left\u00a0\u00bb background_repeat=\u00a0\u00bbrepeat\u00a0\u00bb hover_enabled=\u00a0\u00bb0&Prime; sticky_enabled=\u00a0\u00bb0&Prime;]<h3 class=\"isoBlockPosition-none isoFloatClear-none bsParaLeft bsText\" data-fontsize=\"16\" data-lineheight=\"24\"><strong>Editeur\u00a0du site officiel de la Commune de Jussy-Champagne et coordonn\u00e9es\u00a0:<\/strong><\/h3>\n<p class=\"isoBlockPosition-none isoFloatClear-none bsParaLeft bsText\">Commune de Jussy-Champagne<br \/>1, place de l&rsquo;\u00c9glise<br \/> 18130 Jussy-Champagne<br \/> T\u00e9l : 02.48.25.00.44<br \/><span class=\"\">mairiejussychampagne@wanadoo.fr<\/span><\/p>\n<h3 data-fontsize=\"16\" data-lineheight=\"24\"><strong><\/strong><\/h3>\n<h3 data-fontsize=\"16\" data-lineheight=\"24\"><strong>Directeur de la publication\u00a0:<\/strong><\/h3>\n<p>Madame Ducateau \u2013 Maire de Jussy-Champagne.<\/p>\n<h3 data-fontsize=\"16\" data-lineheight=\"24\"><strong><\/strong><\/h3>\n<h3 data-fontsize=\"16\" data-lineheight=\"24\"><strong>Conception, r\u00e9alisation :<\/strong><\/h3>\n<p>Agence Com&rsquo;Un Pont<br \/> 24, rue de Penher<br \/> 56190 Billiers<br \/><a href=\"mailto:lucie.dibiasi@comunpont.com\">lucie.dibiasi@comunpont.com<\/a>\u00a0<br \/><span class=\"\"><a href=\"http:\/\/www.comunpont.com\">www.comunpont.com<\/a>\u00a0<\/span><\/p>\n<h3 data-fontsize=\"16\" data-lineheight=\"24\"><strong><\/strong><\/h3>\n<h3 data-fontsize=\"16\" data-lineheight=\"24\"><strong>H\u00e9bergement :<\/strong><\/h3>\n<div class=\"wpb_text_column wpb_content_element \">\n<div class=\"wpb_wrapper\">\n<p><strong>OVH<\/strong><br \/> 2 rue Kellermann<br \/> 59100 Roubaix<br \/> France<br \/> <a href=\"http:\/\/www.creav.net\/\" target=\"_blank\" rel=\"noopener noreferrer\">https:\/\/www.ovh.com<\/a><\/p>\n<\/div>\n<\/div>\n<p><strong>Cr\u00e9dits photographiques\u00a0:<\/strong> Commune de Jussy-Champagne, Bernard Ducateau.<\/p>\n<p>Les utilisateurs du site de la Commune de Jussy-Champagne sont tenus de respecter les dispositions de la loi \u00ab Informatique et Libert\u00e9s \u00bb, dont la violation est passible de sanctions p\u00e9nales. Ils doivent notamment s\u2019abstenir, s\u2019agissant des informations nominatives auxquelles ils acc\u00e8dent, de toute collecte, de toute utilisation d\u00e9tourn\u00e9e et d\u2019une mani\u00e8re g\u00e9n\u00e9rale, de tout acte susceptible de porter atteinte \u00e0 la vie priv\u00e9e ou \u00e0 la r\u00e9putation des personnes.<\/p>\n<h3 data-fontsize=\"16\" data-lineheight=\"24\"><strong><\/strong><\/h3>\n<h3 data-fontsize=\"16\" data-lineheight=\"24\"><strong>Abonn\u00e9s au bulletin municipal de la Commune de Jussy-Champagne:<\/strong><\/h3>\n<p>Les donn\u00e9es qui nous sont communiqu\u00e9es lors de l\u2019inscription \u00e0 la liste de diffusion de <a href=\"http:\/\/www.mairiejussychampagne.fr\">www.mairiejussychampagne.fr<\/a>\u00a0ont pour seul objet la diffusion d\u2019informations \u00e9manant de la Commune de Jussy-Champagne.<\/p>\n<p>Conform\u00e9ment \u00e0 la loi Informatique et Libert\u00e9 du 6 janvier 1978, l\u2019utilisateur a le droit d\u2019acc\u00e8s et de rectification des informations le concernant et il peut \u00e0 tout moment demander la suppression de son inscription\u00a0par courriel adress\u00e9 \u00e0 <a href=\"mailto:mairiejussychampagne@wanadoo.fr\">mairiejussychampagne@wanadoo.fr<\/a>\u00a0<\/p>\n<p>Tous les contenus pr\u00e9sents sur le site de la Commune de Jussy-Champagne (y compris le logo et les \u00e9l\u00e9ments graphiques), sont soumis \u00e0 la r\u00e9glementation sur les droits d\u2019auteur (code de la propri\u00e9t\u00e9 litt\u00e9raire et artistique).<br \/> Aucune reproduction, de quelque \u00e9l\u00e9ment que ce soit, ne saurait \u00eatre autoris\u00e9e sans demande pr\u00e9alable aupr\u00e8s de la Commune de Jussy-Champagne.<\/p>\n<p>Les demandes d\u2019autorisation de reproduction\u00a0sont \u00e0 adresser \u00e0 :<br \/> Madame le Maire<br \/> Commune de Jussy-Champagne<br \/> 1, place de l&rsquo;\u00c9glise<br \/> 18130\u00a0Jussy-Champagne<br \/><span class=\"\"><a href=\"mailto:mairiejussychampagne@wanadoo.fr\">mairiejussychampagne@wanadoo.fr<\/a>\u00a0<\/span><\/p>\n<p>Les informations ne pourront \u00eatre utilis\u00e9es qu\u2019\u00e0 des fins personnelles, associatives ou professionnelles, \u00e0 l\u2019exclusion de toute utilisation \u00e0 des fins publicitaires ou commerciales.<\/p>\n<h3 data-fontsize=\"16\" data-lineheight=\"24\"><strong id=\"cookies\">Protection des donn\u00e9es personnelles :<\/strong><\/h3>\n<div class=\"wpb_text_column wpb_content_element \">\n<div class=\"wpb_wrapper\">\n<p><strong>Donn\u00e9es personnelles collect\u00e9es<\/strong><\/p>\n<p>Le site <a href=\"http:\/\/www.mairiejussychampagne.fr\">www.mairiejussychampagne.fr<\/a> \u00a0collecte uniquement les donn\u00e9es saisies et envoy\u00e9es via les formulaires et les donn\u00e9es collect\u00e9es par l\u2019outil de mesure d\u2019audience Google Analytics.<\/p>\n<p><strong>Responsable de traitement des donn\u00e9es personnelles<\/strong><\/p>\n<p>Les donn\u00e9es personnelles sont collect\u00e9es par la Commune de Jussy-Champagne dont le si\u00e8ge social est : Commune de Jussy-Champagne \u2013 1, place de l&rsquo;\u00c9glise 18130 Jussy-Champagne<\/p>\n<p><strong>Finalit\u00e9 de la collecte des donn\u00e9es personnelles<\/strong><\/p>\n<p>Les donn\u00e9es personnelles collect\u00e9es permettent de recontacter les personnes qui ont laiss\u00e9 leurs informations de contact afin de r\u00e9pondre \u00e0 leurs demandes et d\u2019assurer un suivi commercial. En soumettant le formulaire de contact et en cochant la case de consentement, l\u2019internaute donne express\u00e9ment son accord pour que les donn\u00e9es \u00e0 caract\u00e8re personnel soient trait\u00e9es pour r\u00e9pondre \u00e0 sa demande.<\/p>\n<p>La collecte des donn\u00e9es personnelles \u00e0 travers l\u2019outil de suivi d\u2019audience Google Analytics utilis\u00e9 sur le site permet d\u2019analyser le comportement des internautes sur le site afin de pouvoir mesurer son audience et am\u00e9liorer ses performances. Google Analytics utilise des cookies tiers afin de distinguer les utilisateurs. En parcourant le site, l\u2019internaute donne express\u00e9ment son accord pour que les donn\u00e9es \u00e0 caract\u00e8re personnel collect\u00e9es par Google Analytics soient trait\u00e9es pour la finalit\u00e9 d\u2019analyse du comportement des internautes en vue de l\u2019am\u00e9lioration de la performance du site.<\/p>\n<p><strong>Dur\u00e9e de conservations des donn\u00e9es personnelles<\/strong><\/p>\n<p>Les donn\u00e9es collect\u00e9es via les formulaires sont conserv\u00e9es pendant une dur\u00e9e d\u2019un an \u00e0 compter de l\u2019envoi du formulaire.<\/p>\n<p>Les cookies utilis\u00e9s par l\u2019outil de mesure d\u2019audience Google Analytics ont les dur\u00e9es de vie suivantes :<br \/> _ga : 2 ans<br \/> _gid : 24 heures<br \/> _gat : 1 minute<\/p>\n<p><strong>Confidentialit\u00e9 des donn\u00e9es personnelles<\/strong><\/p>\n<p>Les donn\u00e9es personnelles collect\u00e9es par le site <a href=\"http:\/\/www.mairiejussychampagne.fr \">www.mairiejussychampagne.fr <\/a>\u00a0permettent \u00e0 la Commune de Jussy-Champagne de r\u00e9pondre \u00e0 la demande explicit\u00e9e via le formulaire.<br \/> En aucun cas, ces donn\u00e9es ne seront transmises ou commercialis\u00e9es \u00e0 des tiers.<\/p>\n<p><strong>Stockage et des donn\u00e9es personnelles<\/strong><\/p>\n<p>Les serveurs d\u2019h\u00e9bergement du site sont situ\u00e9s en France, au sein de l\u2019Union Europ\u00e9enne.<br \/> La soci\u00e9t\u00e9 h\u00e9bergeant le site <a href=\"http:\/\/www.mairiejussychampagne.fr\">www.mairiejussychampagne.fr<\/a> \u00a0est d\u00e9taill\u00e9e dans le paragraphe \u00ab\u00a0H\u00e9bergement\u00a0\u00bb.<br \/> La Commune de Jussy-Champagne s\u2019engage \u00e0 ne proc\u00e9der \u00e0 aucun transfert de donn\u00e9es \u00e0 caract\u00e8re personnel \u00e0 destination d\u2019un Etat non membre de la Communaut\u00e9 europ\u00e9enne.<\/p>\n<p><strong>D\u00e9l\u00e9gu\u00e9 \u00e0 la protection des donn\u00e9es personnelles<\/strong><\/p>\n<p>Le responsable de la communication est le D\u00e9l\u00e9gu\u00e9 \u00e0 la Protection des Donn\u00e9es (DPD) de la Commune de Jussy-Champagne. Il est en charge d\u2019assurer la conformit\u00e9 du site internet avec le nouveau cadre l\u00e9gal europ\u00e9en du RGPD et de coop\u00e9rer avec l\u2019autorit\u00e9 de contr\u00f4le.<br \/> Vous pouvez le contacter en utilisant le formulaire de contact ou par courrier \u00e0 :<br \/> Commune de Jussy-Champagne \u2013 D\u00e9l\u00e9gu\u00e9 \u00e0 la Protection des Donn\u00e9es \u2013 1, place de l&rsquo;\u00c9glise 18130 Jussy-Champagne<\/p>\n<p><strong>Droit d\u2019acc\u00e8s, de rectification et de suppression des donn\u00e9es personnelles<\/strong><\/p>\n<p>Conform\u00e9ment \u00e0 la loi Informatique et Libert\u00e9s du 6 janvier 1978 modifi\u00e9e, et le R\u00e8glement Europ\u00e9en G\u00e9n\u00e9ral sur la Protection des Donn\u00e9es 2016\/679 (RGPD), vous disposez des droits d\u2019acc\u00e8s, de rectification et de suppression des donn\u00e9es personnelles vous concernant que vous pouvez exercer en utilisant le formulaire de contact ou en envoyant un courrier \u00e0 :<br \/> Commune de Jussy-Champagne \u2013 1, place de l&rsquo;\u00c9glise 18130 Jussy-Champagne\u00a0<\/p>\n<\/div>\n<\/div>\n<h3 data-fontsize=\"16\" data-lineheight=\"24\"><strong><\/strong><\/h3>\n<h3 data-fontsize=\"16\" data-lineheight=\"24\"><strong><\/strong><\/h3>\n<h3 data-fontsize=\"16\" data-lineheight=\"24\"><strong>Cookies :<\/strong><\/h3>\n<p>Ce site internet utilise des cookies afin d\u2019\u00e9laborer des statistiques de consultation, g\u00e9rer le partage de contenus sur les r\u00e9seaux sociaux et s\u00e9curiser votre connexion.<\/p>\n<p><strong>Qu\u2019est-ce qu\u2019un cookie ?<\/strong><\/p>\n<p>Un cookie est un fichier d\u00e9pos\u00e9 sur votre ordinateur, ou tout p\u00e9riph\u00e9rique utilis\u00e9 pour la consultation Internet, par le site que vous visitez, afin de transmettre par exemple, des informations de session de page en page, ou encore enregistrer votre passage sur telle ou telle page, dans le but d\u2019optimiser votre navigation, en terme de confort, d\u2019efficacit\u00e9 et de pertinence.<\/p>\n<p>Les informations stock\u00e9es par les cookies, pendant une dur\u00e9e limit\u00e9e, sont anonymes et portent sur les pages visit\u00e9es et le temps pass\u00e9 sur chacune, votre \u00e9quipement de navigation (syst\u00e8me d\u2019exploitation, navigateur, r\u00e9solution\u2026), les recherches effectu\u00e9es, votre adresse IP afin de permettre des regroupements approximatifs par zone g\u00e9ographique, etc.<\/p>\n<p>Pour en savoir plus sur les cookies, vous pouvez vous rendre sur le site de la CNIL\u00a0: <a href=\"http:\/\/www.cnil.fr\/vos-droits\/vos-traces\/les-cookies\/\">http:\/\/www.cnil.fr\/vos-droits\/vos-traces\/les-cookies\/<\/a><\/p>\n<p><strong>Gestion des cookies<\/strong><\/p>\n<p>Conform\u00e9ment \u00e0 la r\u00e9glementation, vous pouvez vous opposer au d\u00e9p\u00f4t des cookies statistiques et \u00e0 tout autre d\u00e9p\u00f4t de ce site en param\u00e9trant vote navigateur.<\/p>\n<p>Plusieurs solutions sont disponibles, de la navigation priv\u00e9e au refus de suivi, en passant par la gestion d\u2019exceptions, site par site. Nous vous recommandons d\u2019utiliser les liens suivants, ou de consulter la rubrique d\u2019Aide de votre navigateur.<\/p>\n<ul>\n<li><a href=\"https:\/\/www.google.com\/policies\/technologies\/managing\/\">Chrome<\/a><\/li>\n<li><a href=\"http:\/\/windows.microsoft.com\/fr-fr\/internet-explorer\/delete-manage-cookies#ie=ie-11\">Internet Explorer 11<\/a><\/li>\n<li><a href=\"http:\/\/windows.microsoft.com\/fr-fr\/internet-explorer\/delete-manage-cookies#ie=ie-10\">Internet Explorer 10<\/a><\/li>\n<li><a href=\"http:\/\/windows.microsoft.com\/fr-fr\/internet-explorer\/delete-manage-cookies#ie=ie-9\">Internet Explorer 9<\/a><\/li>\n<li><a href=\"http:\/\/windows.microsoft.com\/fr-fr\/internet-explorer\/delete-manage-cookies#ie=ie-8\">Internet Explorer 8<\/a><\/li>\n<li><a href=\"https:\/\/support.mozilla.org\/fr\/kb\/activer-desactiver-cookies\">Firefox<\/a><\/li>\n<li><a href=\"http:\/\/help.opera.com\/Windows\/10.20\/fr\/cookies.html\">Opera<\/a><\/li>\n<li><a href=\"http:\/\/support.apple.com\/kb\/PH11913\">Safari<\/a><\/li>\n<\/ul>\n<h3 data-fontsize=\"16\" data-lineheight=\"24\"><strong><\/strong><\/h3>\n<h3 data-fontsize=\"16\" data-lineheight=\"24\"><strong>Liens hypertextes\u00a0:<\/strong><\/h3>\n<p>La pr\u00e9sence de liens hypertexte en direction d\u2019autres sites ne peut engager la responsabilit\u00e9 de la Commune de Jussy-Champagne sur le contenu de ces sites.<\/p>\n<h3 data-fontsize=\"16\" data-lineheight=\"24\"><strong><\/strong><\/h3>\n<h3 data-fontsize=\"16\" data-lineheight=\"24\"><strong>Adobe Reader\u00a0:<\/strong><\/h3>\n<p>De part leur nature\u00a0ou leur volume, certains fichiers sont au format PDF d\u2019Adobe. Pour les consulter, le logiciel gratuit \u00ab\u00a0Adobe Reader\u00bb doit \u00eatre install\u00e9 sur votre ordinateur.<\/p>[\/et_pb_text][\/et_pb_column][\/et_pb_row][\/et_pb_section]\n\n","protected":false},"excerpt":{"rendered":"<p>Editeur\u00a0du site officiel de la Commune de Jussy-Champagne et coordonn\u00e9es\u00a0: Commune de Jussy-Champagne1, place de l&rsquo;\u00c9glise 18130 Jussy-Champagne T\u00e9l : 02.48.25.00.44mairiejussychampagne@wanadoo.fr Directeur de la publication\u00a0: Madame Ducateau \u2013 Maire de Jussy-Champagne. Conception, r\u00e9alisation : Agence Com&rsquo;Un Pont 24, rue de Penher 56190 Billierslucie.dibiasi@comunpont.com\u00a0www.comunpont.com\u00a0 H\u00e9bergement : OVH 2 rue Kellermann 59100 Roubaix France https:\/\/www.ovh.com Cr\u00e9dits photographiques\u00a0: [&hellip;]<\/p>\n","protected":false},"author":1,"featured_media":0,"parent":0,"menu_order":0,"comment_status":"closed","ping_status":"closed","template":"","meta":{"_et_pb_use_builder":"on","_et_pb_old_content":"","_et_gb_content_width":""},"yoast_head":"<!-- This site is optimized with the Yoast SEO plugin v18.3 - https:\/\/yoast.com\/wordpress\/plugins\/seo\/ -->\n<title>Mentions l\u00e9gales - Mairie de Jussy-Champagne<\/title>\n<meta name=\"robots\" content=\"index, follow, max-snippet:-1, max-image-preview:large, max-video-preview:-1\" \/>\n<link rel=\"canonical\" href=\"https:\/\/mairiejussychampagne.fr\/?page_id=186\" \/>\n<meta property=\"og:locale\" content=\"fr_FR\" \/>\n<meta property=\"og:type\" content=\"article\" \/>\n<meta property=\"og:title\" content=\"Mentions l\u00e9gales - Mairie de Jussy-Champagne\" \/>\n<meta property=\"og:description\" content=\"Editeur\u00a0du site officiel de la Commune de Jussy-Champagne et coordonn\u00e9es\u00a0: Commune de Jussy-Champagne1, place de l&#039;\u00c9glise 18130 Jussy-Champagne T\u00e9l : 02.48.25.00.44mairiejussychampagne@wanadoo.fr Directeur de la publication\u00a0: Madame Ducateau \u2013 Maire de Jussy-Champagne. Conception, r\u00e9alisation : Agence Com&#039;Un Pont 24, rue de Penher 56190 Billierslucie.dibiasi@comunpont.com\u00a0www.comunpont.com\u00a0 H\u00e9bergement : OVH 2 rue Kellermann 59100 Roubaix France https:\/\/www.ovh.com Cr\u00e9dits photographiques\u00a0: [&hellip;]\" \/>\n<meta property=\"og:url\" content=\"https:\/\/mairiejussychampagne.fr\/?page_id=186\" \/>\n<meta property=\"og:site_name\" content=\"Mairie de Jussy-Champagne\" \/>\n<meta property=\"article:modified_time\" content=\"2021-05-10T13:27:10+00:00\" \/>\n<meta name=\"twitter:card\" content=\"summary_large_image\" \/>\n<meta name=\"twitter:label1\" content=\"Dur\u00e9e de lecture estim\u00e9e\" \/>\n\t<meta name=\"twitter:data1\" content=\"6 minutes\" \/>\n<script type=\"application\/ld+json\" class=\"yoast-schema-graph\">{\"@context\":\"https:\/\/schema.org\",\"@graph\":[{\"@type\":\"WebSite\",\"@id\":\"https:\/\/mairiejussychampagne.fr\/#website\",\"url\":\"https:\/\/mairiejussychampagne.fr\/\",\"name\":\"Mairie de Jussy-Champagne\",\"description\":\"Ville de Jussy-Champagne\",\"potentialAction\":[{\"@type\":\"SearchAction\",\"target\":{\"@type\":\"EntryPoint\",\"urlTemplate\":\"https:\/\/mairiejussychampagne.fr\/?s={search_term_string}\"},\"query-input\":\"required name=search_term_string\"}],\"inLanguage\":\"fr-FR\"},{\"@type\":\"WebPage\",\"@id\":\"https:\/\/mairiejussychampagne.fr\/?page_id=186#webpage\",\"url\":\"https:\/\/mairiejussychampagne.fr\/?page_id=186\",\"name\":\"Mentions l\u00e9gales - Mairie de Jussy-Champagne\",\"isPartOf\":{\"@id\":\"https:\/\/mairiejussychampagne.fr\/#website\"},\"datePublished\":\"2021-02-24T21:07:02+00:00\",\"dateModified\":\"2021-05-10T13:27:10+00:00\",\"breadcrumb\":{\"@id\":\"https:\/\/mairiejussychampagne.fr\/?page_id=186#breadcrumb\"},\"inLanguage\":\"fr-FR\",\"potentialAction\":[{\"@type\":\"ReadAction\",\"target\":[\"https:\/\/mairiejussychampagne.fr\/?page_id=186\"]}]},{\"@type\":\"BreadcrumbList\",\"@id\":\"https:\/\/mairiejussychampagne.fr\/?page_id=186#breadcrumb\",\"itemListElement\":[{\"@type\":\"ListItem\",\"position\":1,\"name\":\"Accueil\",\"item\":\"https:\/\/mairiejussychampagne.fr\/\"},{\"@type\":\"ListItem\",\"position\":2,\"name\":\"Mentions l\u00e9gales\"}]}]}<\/script>\n<!-- \/ Yoast SEO plugin. -->","yoast_head_json":{"title":"Mentions l\u00e9gales - Mairie de Jussy-Champagne","robots":{"index":"index","follow":"follow","max-snippet":"max-snippet:-1","max-image-preview":"max-image-preview:large","max-video-preview":"max-video-preview:-1"},"canonical":"https:\/\/mairiejussychampagne.fr\/?page_id=186","og_locale":"fr_FR","og_type":"article","og_title":"Mentions l\u00e9gales - Mairie de Jussy-Champagne","og_description":"Editeur\u00a0du site officiel de la Commune de Jussy-Champagne et coordonn\u00e9es\u00a0: Commune de Jussy-Champagne1, place de l'\u00c9glise 18130 Jussy-Champagne T\u00e9l : 02.48.25.00.44mairiejussychampagne@wanadoo.fr Directeur de la publication\u00a0: Madame Ducateau \u2013 Maire de Jussy-Champagne. Conception, r\u00e9alisation : Agence Com'Un Pont 24, rue de Penher 56190 Billierslucie.dibiasi@comunpont.com\u00a0www.comunpont.com\u00a0 H\u00e9bergement : OVH 2 rue Kellermann 59100 Roubaix France https:\/\/www.ovh.com Cr\u00e9dits photographiques\u00a0: [&hellip;]","og_url":"https:\/\/mairiejussychampagne.fr\/?page_id=186","og_site_name":"Mairie de Jussy-Champagne","article_modified_time":"2021-05-10T13:27:10+00:00","twitter_card":"summary_large_image","twitter_misc":{"Dur\u00e9e de lecture estim\u00e9e":"6 minutes"},"schema":{"@context":"https:\/\/schema.org","@graph":[{"@type":"WebSite","@id":"https:\/\/mairiejussychampagne.fr\/#website","url":"https:\/\/mairiejussychampagne.fr\/","name":"Mairie de Jussy-Champagne","description":"Ville de Jussy-Champagne","potentialAction":[{"@type":"SearchAction","target":{"@type":"EntryPoint","urlTemplate":"https:\/\/mairiejussychampagne.fr\/?s={search_term_string}"},"query-input":"required name=search_term_string"}],"inLanguage":"fr-FR"},{"@type":"WebPage","@id":"https:\/\/mairiejussychampagne.fr\/?page_id=186#webpage","url":"https:\/\/mairiejussychampagne.fr\/?page_id=186","name":"Mentions l\u00e9gales - Mairie de Jussy-Champagne","isPartOf":{"@id":"https:\/\/mairiejussychampagne.fr\/#website"},"datePublished":"2021-02-24T21:07:02+00:00","dateModified":"2021-05-10T13:27:10+00:00","breadcrumb":{"@id":"https:\/\/mairiejussychampagne.fr\/?page_id=186#breadcrumb"},"inLanguage":"fr-FR","potentialAction":[{"@type":"ReadAction","target":["https:\/\/mairiejussychampagne.fr\/?page_id=186"]}]},{"@type":"BreadcrumbList","@id":"https:\/\/mairiejussychampagne.fr\/?page_id=186#breadcrumb","itemListElement":[{"@type":"ListItem","position":1,"name":"Accueil","item":"https:\/\/mairiejussychampagne.fr\/"},{"@type":"ListItem","position":2,"name":"Mentions l\u00e9gales"}]}]}},"_links":{"self":[{"href":"https:\/\/mairiejussychampagne.fr\/index.php?rest_route=\/wp\/v2\/pages\/186"}],"collection":[{"href":"https:\/\/mairiejussychampagne.fr\/index.php?rest_route=\/wp\/v2\/pages"}],"about":[{"href":"https:\/\/mairiejussychampagne.fr\/index.php?rest_route=\/wp\/v2\/types\/page"}],"author":[{"embeddable":true,"href":"https:\/\/mairiejussychampagne.fr\/index.php?rest_route=\/wp\/v2\/users\/1"}],"replies":[{"embeddable":true,"href":"https:\/\/mairiejussychampagne.fr\/index.php?rest_route=%2Fwp%2Fv2%2Fcomments&post=186"}],"version-history":[{"count":3,"href":"https:\/\/mairiejussychampagne.fr\/index.php?rest_route=\/wp\/v2\/pages\/186\/revisions"}],"predecessor-version":[{"id":190,"href":"https:\/\/mairiejussychampagne.fr\/index.php?rest_route=\/wp\/v2\/pages\/186\/revisions\/190"}],"wp:attachment":[{"href":"https:\/\/mairiejussychampagne.fr\/index.php?rest_route=%2Fwp%2Fv2%2Fmedia&parent=186"}],"curies":[{"name":"wp","href":"https:\/\/api.w.org\/{rel}","templated":true}]}}